{"id":4405,"date":"2024-10-17T11:46:49","date_gmt":"2024-10-17T14:46:49","guid":{"rendered":"https:\/\/islasexshop.com.br\/?post_type=product&#038;p=4405"},"modified":"2025-06-02T18:27:49","modified_gmt":"2025-06-02T21:27:49","slug":"estimulador-massageador-de-prostata-simples-7-x-25cm","status":"publish","type":"product","link":"https:\/\/islasexshop.com.br\/index.php\/produto\/estimulador-massageador-de-prostata-simples-7-x-25cm\/","title":{"rendered":"Estimulador Massageador de Pr\u00f3stata Simples 7 x 2,5cm"},"content":{"rendered":"<p><strong>Estimulador Massageador de Pr\u00f3stata Simples<\/strong><\/p>\n<p>&#8211; Tamanho: 7 cm de comprimento por 2,5 cm de di\u00e2metro, ideal para quem est\u00e1 come\u00e7ando a explorar a estimula\u00e7\u00e3o da pr\u00f3stata.<br \/>\n&#8211; Design: Formato ergon\u00f4mico que facilita a inser\u00e7\u00e3o e proporciona uma massagem eficaz na pr\u00f3stata.<br \/>\n&#8211; Material: Geralmente feito de silicone ou material seguro para o corpo, garantindo conforto e facilidade de limpeza.<\/p>\n<p><strong>Uso:<\/strong><br \/>\n1. Limpeza: Lave o massageador antes e depois do uso com \u00e1gua morna e sab\u00e3o neutro.<br \/>\n2. Lubrificante: Aplique lubrificante \u00e0 base de \u00e1gua para facilitar a inser\u00e7\u00e3o.<br \/>\n3. Inser\u00e7\u00e3o: Insira suavemente, ajustando conforme necess\u00e1rio para encontrar o conforto ideal.<\/p>\n<p><strong>Cuidados:<\/strong><br \/>\n&#8211; Armazenamento: Guarde em um local seco e fresco, longe da luz direta do sol.<br \/>\n&#8211; Seguran\u00e7a: Mantenha fora do alcance de crian\u00e7as e evite usar em \u00e1reas sens\u00edveis ou irritadas.<\/p>\n","protected":false},"excerpt":{"rendered":"<p>Descubra novas dimens\u00f5es <strong>Estimulador Massageador de Pr\u00f3stata Simples 7 x 2,5cm.<\/strong>\u00a0Este acess\u00f3rio foi cuidadosamente projetado para oferecer n\u00e3o apenas conforto excepcional, mas tamb\u00e9m uma experi\u00eancia de prazer intensa e segura, tornando cada momento \u00edntimo verdadeiramente especial.<\/p>\n","protected":false},"featured_media":4407,"comment_status":"open","ping_status":"closed","template":"","meta":[],"product_cat":[165,164,163,136,22,25,27,30],"product_tag":[394,395,398],"yoast_head":"<!-- This site is optimized with the Yoast SEO plugin v24.5 - https:\/\/yoast.com\/wordpress\/plugins\/seo\/ -->\n<title>Estimulador Massageador de Pr\u00f3stata Simples 7 x 2,5cm - Isla Sex Shop<\/title>\n<meta name=\"description\" content=\"Estimulador Massageador de Pr\u00f3stata Simples 7 x 2,5cm\u00e9 sofistica\u00e7\u00e3o e conforto apresentando, ideal para proporcionar experi\u00eancias \u00fanicas. Garanta j\u00e1 o seu\" \/>\n<meta name=\"robots\" content=\"index, follow, max-snippet:-1, max-image-preview:large, max-video-preview:-1\" \/>\n<link rel=\"canonical\" href=\"https:\/\/islasexshop.com.br\/index.php\/produto\/estimulador-massageador-de-prostata-simples-7-x-25cm\/\" \/>\n<meta property=\"og:locale\" content=\"pt_BR\" \/>\n<meta property=\"og:type\" content=\"article\" \/>\n<meta property=\"og:title\" content=\"Estimulador Massageador de Pr\u00f3stata Simples 7 x 2,5cm - Isla Sex Shop\" \/>\n<meta property=\"og:description\" content=\"Estimulador Massageador de Pr\u00f3stata Simples 7 x 2,5cm\u00e9 sofistica\u00e7\u00e3o e conforto apresentando, ideal para proporcionar experi\u00eancias \u00fanicas. Garanta j\u00e1 o seu\" \/>\n<meta property=\"og:url\" content=\"https:\/\/islasexshop.com.br\/index.php\/produto\/estimulador-massageador-de-prostata-simples-7-x-25cm\/\" \/>\n<meta property=\"og:site_name\" content=\"Isla Sex Shop\" \/>\n<meta property=\"article:publisher\" content=\"https:\/\/www.facebook.com\/boutiqueisla\" \/>\n<meta property=\"article:modified_time\" content=\"2025-06-02T21:27:49+00:00\" \/>\n<meta property=\"og:image\" content=\"https:\/\/islasexshop.com.br\/wp-content\/uploads\/2024\/10\/estimulador.webp\" \/>\n\t<meta property=\"og:image:width\" content=\"1200\" \/>\n\t<meta property=\"og:image:height\" content=\"1200\" \/>\n\t<meta property=\"og:image:type\" content=\"image\/webp\" \/>\n<meta name=\"twitter:card\" content=\"summary_large_image\" \/>\n<meta name=\"twitter:label1\" content=\"Est. tempo de leitura\" \/>\n\t<meta name=\"twitter:data1\" content=\"1 minuto\" \/>\n<script type=\"application\/ld+json\" class=\"yoast-schema-graph\">{\"@context\":\"https:\/\/schema.org\",\"@graph\":[{\"@type\":\"WebPage\",\"@id\":\"https:\/\/islasexshop.com.br\/index.php\/produto\/estimulador-massageador-de-prostata-simples-7-x-25cm\/\",\"url\":\"https:\/\/islasexshop.com.br\/index.php\/produto\/estimulador-massageador-de-prostata-simples-7-x-25cm\/\",\"name\":\"Estimulador Massageador de Pr\u00f3stata Simples 7 x 2,5cm - Isla Sex Shop\",\"isPartOf\":{\"@id\":\"https:\/\/islasexshop.com.br\/#website\"},\"primaryImageOfPage\":{\"@id\":\"https:\/\/islasexshop.com.br\/index.php\/produto\/estimulador-massageador-de-prostata-simples-7-x-25cm\/#primaryimage\"},\"image\":{\"@id\":\"https:\/\/islasexshop.com.br\/index.php\/produto\/estimulador-massageador-de-prostata-simples-7-x-25cm\/#primaryimage\"},\"thumbnailUrl\":\"https:\/\/islasexshop.com.br\/wp-content\/uploads\/2024\/10\/estimulador.webp\",\"datePublished\":\"2024-10-17T14:46:49+00:00\",\"dateModified\":\"2025-06-02T21:27:49+00:00\",\"description\":\"Estimulador Massageador de Pr\u00f3stata Simples 7 x 2,5cm\u00e9 sofistica\u00e7\u00e3o e conforto apresentando, ideal para proporcionar experi\u00eancias \u00fanicas. Garanta j\u00e1 o seu\",\"breadcrumb\":{\"@id\":\"https:\/\/islasexshop.com.br\/index.php\/produto\/estimulador-massageador-de-prostata-simples-7-x-25cm\/#breadcrumb\"},\"inLanguage\":\"pt-BR\",\"potentialAction\":[{\"@type\":\"ReadAction\",\"target\":[\"https:\/\/islasexshop.com.br\/index.php\/produto\/estimulador-massageador-de-prostata-simples-7-x-25cm\/\"]}]},{\"@type\":\"ImageObject\",\"inLanguage\":\"pt-BR\",\"@id\":\"https:\/\/islasexshop.com.br\/index.php\/produto\/estimulador-massageador-de-prostata-simples-7-x-25cm\/#primaryimage\",\"url\":\"https:\/\/islasexshop.com.br\/wp-content\/uploads\/2024\/10\/estimulador.webp\",\"contentUrl\":\"https:\/\/islasexshop.com.br\/wp-content\/uploads\/2024\/10\/estimulador.webp\",\"width\":1200,\"height\":1200},{\"@type\":\"BreadcrumbList\",\"@id\":\"https:\/\/islasexshop.com.br\/index.php\/produto\/estimulador-massageador-de-prostata-simples-7-x-25cm\/#breadcrumb\",\"itemListElement\":[{\"@type\":\"ListItem\",\"position\":1,\"name\":\"In\u00edcio\",\"item\":\"https:\/\/islasexshop.com.br\/\"},{\"@type\":\"ListItem\",\"position\":2,\"name\":\"Produtos\",\"item\":\"https:\/\/islasexshop.com.br\/index.php\/produtos\/\"},{\"@type\":\"ListItem\",\"position\":3,\"name\":\"Estimulador Massageador de Pr\u00f3stata Simples 7 x 2,5cm\"}]},{\"@type\":\"WebSite\",\"@id\":\"https:\/\/islasexshop.com.br\/#website\",\"url\":\"https:\/\/islasexshop.com.br\/\",\"name\":\"Isla Sex Shop\",\"description\":\"Sex Shop Butant\u00e3, Sex Shop Morumbi, Sex Shop Regi\u00e3o\",\"publisher\":{\"@id\":\"https:\/\/islasexshop.com.br\/#organization\"},\"potentialAction\":[{\"@type\":\"SearchAction\",\"target\":{\"@type\":\"EntryPoint\",\"urlTemplate\":\"https:\/\/islasexshop.com.br\/?s={search_term_string}\"},\"query-input\":{\"@type\":\"PropertyValueSpecification\",\"valueRequired\":true,\"valueName\":\"search_term_string\"}}],\"inLanguage\":\"pt-BR\"},{\"@type\":\"Organization\",\"@id\":\"https:\/\/islasexshop.com.br\/#organization\",\"name\":\"Isla Sex Shop\",\"url\":\"https:\/\/islasexshop.com.br\/\",\"logo\":{\"@type\":\"ImageObject\",\"inLanguage\":\"pt-BR\",\"@id\":\"https:\/\/islasexshop.com.br\/#\/schema\/logo\/image\/\",\"url\":\"https:\/\/islasexshop.com.br\/wp-content\/uploads\/2024\/02\/0e4d7c76d6c6e7c24d33fd3338fd3dbf.jpg\",\"contentUrl\":\"https:\/\/islasexshop.com.br\/wp-content\/uploads\/2024\/02\/0e4d7c76d6c6e7c24d33fd3338fd3dbf.jpg\",\"width\":400,\"height\":200,\"caption\":\"Isla Sex Shop\"},\"image\":{\"@id\":\"https:\/\/islasexshop.com.br\/#\/schema\/logo\/image\/\"},\"sameAs\":[\"https:\/\/www.facebook.com\/boutiqueisla\",\"https:\/\/www.instagram.com\/islasensualmorumbi\/\"]}]}<\/script>\n<!-- \/ Yoast SEO plugin. -->","yoast_head_json":{"title":"Estimulador Massageador de Pr\u00f3stata Simples 7 x 2,5cm - Isla Sex Shop","description":"Estimulador Massageador de Pr\u00f3stata Simples 7 x 2,5cm\u00e9 sofistica\u00e7\u00e3o e conforto apresentando, ideal para proporcionar experi\u00eancias \u00fanicas. Garanta j\u00e1 o seu","robots":{"index":"index","follow":"follow","max-snippet":"max-snippet:-1","max-image-preview":"max-image-preview:large","max-video-preview":"max-video-preview:-1"},"canonical":"https:\/\/islasexshop.com.br\/index.php\/produto\/estimulador-massageador-de-prostata-simples-7-x-25cm\/","og_locale":"pt_BR","og_type":"article","og_title":"Estimulador Massageador de Pr\u00f3stata Simples 7 x 2,5cm - Isla Sex Shop","og_description":"Estimulador Massageador de Pr\u00f3stata Simples 7 x 2,5cm\u00e9 sofistica\u00e7\u00e3o e conforto apresentando, ideal para proporcionar experi\u00eancias \u00fanicas. Garanta j\u00e1 o seu","og_url":"https:\/\/islasexshop.com.br\/index.php\/produto\/estimulador-massageador-de-prostata-simples-7-x-25cm\/","og_site_name":"Isla Sex Shop","article_publisher":"https:\/\/www.facebook.com\/boutiqueisla","article_modified_time":"2025-06-02T21:27:49+00:00","og_image":[{"width":1200,"height":1200,"url":"https:\/\/islasexshop.com.br\/wp-content\/uploads\/2024\/10\/estimulador.webp","type":"image\/webp"}],"twitter_card":"summary_large_image","twitter_misc":{"Est. tempo de leitura":"1 minuto"},"schema":{"@context":"https:\/\/schema.org","@graph":[{"@type":"WebPage","@id":"https:\/\/islasexshop.com.br\/index.php\/produto\/estimulador-massageador-de-prostata-simples-7-x-25cm\/","url":"https:\/\/islasexshop.com.br\/index.php\/produto\/estimulador-massageador-de-prostata-simples-7-x-25cm\/","name":"Estimulador Massageador de Pr\u00f3stata Simples 7 x 2,5cm - Isla Sex Shop","isPartOf":{"@id":"https:\/\/islasexshop.com.br\/#website"},"primaryImageOfPage":{"@id":"https:\/\/islasexshop.com.br\/index.php\/produto\/estimulador-massageador-de-prostata-simples-7-x-25cm\/#primaryimage"},"image":{"@id":"https:\/\/islasexshop.com.br\/index.php\/produto\/estimulador-massageador-de-prostata-simples-7-x-25cm\/#primaryimage"},"thumbnailUrl":"https:\/\/islasexshop.com.br\/wp-content\/uploads\/2024\/10\/estimulador.webp","datePublished":"2024-10-17T14:46:49+00:00","dateModified":"2025-06-02T21:27:49+00:00","description":"Estimulador Massageador de Pr\u00f3stata Simples 7 x 2,5cm\u00e9 sofistica\u00e7\u00e3o e conforto apresentando, ideal para proporcionar experi\u00eancias \u00fanicas. Garanta j\u00e1 o seu","breadcrumb":{"@id":"https:\/\/islasexshop.com.br\/index.php\/produto\/estimulador-massageador-de-prostata-simples-7-x-25cm\/#breadcrumb"},"inLanguage":"pt-BR","potentialAction":[{"@type":"ReadAction","target":["https:\/\/islasexshop.com.br\/index.php\/produto\/estimulador-massageador-de-prostata-simples-7-x-25cm\/"]}]},{"@type":"ImageObject","inLanguage":"pt-BR","@id":"https:\/\/islasexshop.com.br\/index.php\/produto\/estimulador-massageador-de-prostata-simples-7-x-25cm\/#primaryimage","url":"https:\/\/islasexshop.com.br\/wp-content\/uploads\/2024\/10\/estimulador.webp","contentUrl":"https:\/\/islasexshop.com.br\/wp-content\/uploads\/2024\/10\/estimulador.webp","width":1200,"height":1200},{"@type":"BreadcrumbList","@id":"https:\/\/islasexshop.com.br\/index.php\/produto\/estimulador-massageador-de-prostata-simples-7-x-25cm\/#breadcrumb","itemListElement":[{"@type":"ListItem","position":1,"name":"In\u00edcio","item":"https:\/\/islasexshop.com.br\/"},{"@type":"ListItem","position":2,"name":"Produtos","item":"https:\/\/islasexshop.com.br\/index.php\/produtos\/"},{"@type":"ListItem","position":3,"name":"Estimulador Massageador de Pr\u00f3stata Simples 7 x 2,5cm"}]},{"@type":"WebSite","@id":"https:\/\/islasexshop.com.br\/#website","url":"https:\/\/islasexshop.com.br\/","name":"Isla Sex Shop","description":"Sex Shop Butant\u00e3, Sex Shop Morumbi, Sex Shop Regi\u00e3o","publisher":{"@id":"https:\/\/islasexshop.com.br\/#organization"},"potentialAction":[{"@type":"SearchAction","target":{"@type":"EntryPoint","urlTemplate":"https:\/\/islasexshop.com.br\/?s={search_term_string}"},"query-input":{"@type":"PropertyValueSpecification","valueRequired":true,"valueName":"search_term_string"}}],"inLanguage":"pt-BR"},{"@type":"Organization","@id":"https:\/\/islasexshop.com.br\/#organization","name":"Isla Sex Shop","url":"https:\/\/islasexshop.com.br\/","logo":{"@type":"ImageObject","inLanguage":"pt-BR","@id":"https:\/\/islasexshop.com.br\/#\/schema\/logo\/image\/","url":"https:\/\/islasexshop.com.br\/wp-content\/uploads\/2024\/02\/0e4d7c76d6c6e7c24d33fd3338fd3dbf.jpg","contentUrl":"https:\/\/islasexshop.com.br\/wp-content\/uploads\/2024\/02\/0e4d7c76d6c6e7c24d33fd3338fd3dbf.jpg","width":400,"height":200,"caption":"Isla Sex Shop"},"image":{"@id":"https:\/\/islasexshop.com.br\/#\/schema\/logo\/image\/"},"sameAs":["https:\/\/www.facebook.com\/boutiqueisla","https:\/\/www.instagram.com\/islasensualmorumbi\/"]}]}},"_links":{"self":[{"href":"https:\/\/islasexshop.com.br\/index.php\/wp-json\/wp\/v2\/product\/4405"}],"collection":[{"href":"https:\/\/islasexshop.com.br\/index.php\/wp-json\/wp\/v2\/product"}],"about":[{"href":"https:\/\/islasexshop.com.br\/index.php\/wp-json\/wp\/v2\/types\/product"}],"replies":[{"embeddable":true,"href":"https:\/\/islasexshop.com.br\/index.php\/wp-json\/wp\/v2\/comments?post=4405"}],"version-history":[{"count":1,"href":"https:\/\/islasexshop.com.br\/index.php\/wp-json\/wp\/v2\/product\/4405\/revisions"}],"predecessor-version":[{"id":4406,"href":"https:\/\/islasexshop.com.br\/index.php\/wp-json\/wp\/v2\/product\/4405\/revisions\/4406"}],"wp:featuredmedia":[{"embeddable":true,"href":"https:\/\/islasexshop.com.br\/index.php\/wp-json\/wp\/v2\/media\/4407"}],"wp:attachment":[{"href":"https:\/\/islasexshop.com.br\/index.php\/wp-json\/wp\/v2\/media?parent=4405"}],"wp:term":[{"taxonomy":"product_cat","embeddable":true,"href":"https:\/\/islasexshop.com.br\/index.php\/wp-json\/wp\/v2\/product_cat?post=4405"},{"taxonomy":"product_tag","embeddable":true,"href":"https:\/\/islasexshop.com.br\/index.php\/wp-json\/wp\/v2\/product_tag?post=4405"}],"curies":[{"name":"wp","href":"https:\/\/api.w.org\/{rel}","templated":true}]}}