{"id":1096,"date":"2024-02-22T14:36:27","date_gmt":"2024-02-22T17:36:27","guid":{"rendered":"https:\/\/islasexshop.com.br\/?post_type=product&#038;p=1096"},"modified":"2024-05-10T21:45:25","modified_gmt":"2024-05-11T00:45:25","slug":"vibrador-classico-personal-de-13-cm-aveludado","status":"publish","type":"product","link":"https:\/\/islasexshop.com.br\/index.php\/produto\/vibrador-classico-personal-de-13-cm-aveludado\/","title":{"rendered":"Vibrador Cl\u00e1ssico Personal de 13 cm &#8211; Aveludado"},"content":{"rendered":"\t\t<div data-elementor-type=\"wp-post\" data-elementor-id=\"1096\" class=\"elementor elementor-1096\" data-elementor-post-type=\"product\">\n\t\t\t\t\t\t<section class=\"elementor-section elementor-top-section elementor-element elementor-element-ac74866 elementor-section-boxed elementor-section-height-default elementor-section-height-default\" data-id=\"ac74866\" data-element_type=\"section\">\n\t\t\t\t\t\t<div class=\"elementor-container elementor-column-gap-default\">\n\t\t\t\t\t<div class=\"elementor-column elementor-col-100 elementor-top-column elementor-element elementor-element-00455b3\" data-id=\"00455b3\" data-element_type=\"column\">\n\t\t\t<div class=\"elementor-widget-wrap elementor-element-populated\">\n\t\t\t\t\t\t<section class=\"elementor-section elementor-inner-section elementor-element elementor-element-0b58131 elementor-section-boxed elementor-section-height-default elementor-section-height-default\" data-id=\"0b58131\" data-element_type=\"section\">\n\t\t\t\t\t\t<div class=\"elementor-container elementor-column-gap-default\">\n\t\t\t\t\t<div class=\"elementor-column elementor-col-33 elementor-inner-column elementor-element elementor-element-68d5cd2\" data-id=\"68d5cd2\" data-element_type=\"column\">\n\t\t\t<div class=\"elementor-widget-wrap\">\n\t\t\t\t\t\t\t<\/div>\n\t\t<\/div>\n\t\t\t\t<div class=\"elementor-column elementor-col-33 elementor-inner-column elementor-element elementor-element-e9e37c9\" data-id=\"e9e37c9\" data-element_type=\"column\">\n\t\t\t<div class=\"elementor-widget-wrap elementor-element-populated\">\n\t\t\t\t\t\t<div class=\"elementor-element elementor-element-11028d6 elementor-widget elementor-widget-heading\" data-id=\"11028d6\" data-element_type=\"widget\" data-widget_type=\"heading.default\">\n\t\t\t\t<div class=\"elementor-widget-container\">\n\t\t\t\t\t<h2 class=\"elementor-heading-title elementor-size-default\">Vibrador Aveludado<\/h2>\t\t\t\t<\/div>\n\t\t\t\t<\/div>\n\t\t\t\t\t<\/div>\n\t\t<\/div>\n\t\t\t\t<div class=\"elementor-column elementor-col-33 elementor-inner-column elementor-element elementor-element-e35eb49\" data-id=\"e35eb49\" data-element_type=\"column\">\n\t\t\t<div class=\"elementor-widget-wrap\">\n\t\t\t\t\t\t\t<\/div>\n\t\t<\/div>\n\t\t\t\t\t<\/div>\n\t\t<\/section>\n\t\t\t\t<section class=\"elementor-section elementor-inner-section elementor-element elementor-element-a00a4aa elementor-reverse-mobile elementor-section-boxed elementor-section-height-default elementor-section-height-default\" data-id=\"a00a4aa\" data-element_type=\"section\">\n\t\t\t\t\t\t<div class=\"elementor-container elementor-column-gap-no\">\n\t\t\t\t\t<div class=\"elementor-column elementor-col-50 elementor-inner-column elementor-element elementor-element-aebdda8\" data-id=\"aebdda8\" data-element_type=\"column\" data-settings=\"{&quot;background_background&quot;:&quot;classic&quot;}\">\n\t\t\t<div class=\"elementor-widget-wrap elementor-element-populated\">\n\t\t\t\t\t\t<div class=\"elementor-element elementor-element-dc7ae6c elementor-widget elementor-widget-heading\" data-id=\"dc7ae6c\" data-element_type=\"widget\" data-widget_type=\"heading.default\">\n\t\t\t\t<div class=\"elementor-widget-container\">\n\t\t\t\t\t<h4 class=\"elementor-heading-title elementor-size-default\">Vibrador Cl\u00e1ssico<\/h4>\t\t\t\t<\/div>\n\t\t\t\t<\/div>\n\t\t\t\t<div class=\"elementor-element elementor-element-7333a85 elementor-widget__width-initial elementor-widget elementor-widget-text-editor\" data-id=\"7333a85\" data-element_type=\"widget\" data-widget_type=\"text-editor.default\">\n\t\t\t\t<div class=\"elementor-widget-container\">\n\t\t\t\t\t\t\t\t\t<p>Com um controle de vibra\u00e7\u00e3o inteligente, voc\u00ea pode ir da intensidade mais fraca at\u00e9 a mais forte girando a parte inferior da tampa. Este \u00e9 tipo de vibrador mais vers\u00e1til e costuma ser o primeiro vibrador da maioria das mulheres. \u00d3timo para penetra\u00e7\u00e3o vaginal, anal e estimula\u00e7\u00e3o do clit\u00f3ris. Seu formato cil\u00edndrico e b\u00e1sico torna seu uso f\u00e1cil, sendo que este vibrador pode ser usado por mulheres, homens e em casal. Uma das suas vantagens \u00e9 poder ser usado junto com outros produtos er\u00f3ticos como anel peniano e capa peniana. Experimente e tenha em um s\u00f3 vibrador v\u00e1rias sensa\u00e7\u00f5es!<\/p><p><br \/><strong>Modo de uso<\/strong><br \/>Desrosquei a tampa localizada na parte inferior de seu Vibrador e coloque uma pilha tamanho m\u00e9dio (AA) com o lado positivo voltado para baixo, feche seu Vibrador e gire a parte inferior da tampa. Quando n\u00e3o estiver usando o produto, retire as pilhas.<\/p>\t\t\t\t\t\t\t\t<\/div>\n\t\t\t\t<\/div>\n\t\t\t\t\t<\/div>\n\t\t<\/div>\n\t\t\t\t<div class=\"elementor-column elementor-col-50 elementor-inner-column elementor-element elementor-element-2f2a32e\" data-id=\"2f2a32e\" data-element_type=\"column\">\n\t\t\t<div class=\"elementor-widget-wrap elementor-element-populated\">\n\t\t\t\t\t\t<div class=\"elementor-element elementor-element-eca2fdd elementor-widget elementor-widget-image\" data-id=\"eca2fdd\" data-element_type=\"widget\" data-widget_type=\"image.default\">\n\t\t\t\t<div class=\"elementor-widget-container\">\n\t\t\t\t\t\t\t\t\t\t\t\t\t\t\t<img fetchpriority=\"high\" decoding=\"async\" width=\"1200\" height=\"1200\" src=\"https:\/\/islasexshop.com.br\/wp-content\/uploads\/2024\/02\/vibrador_classico_personal_de_13_cm_aveludado_88516854_8_531f35d9d49a818e8ffc0fea4d4d5d6c-1200x1200.webp\" class=\"attachment-large size-large wp-image-1097\" alt=\"\" srcset=\"https:\/\/islasexshop.com.br\/wp-content\/uploads\/2024\/02\/vibrador_classico_personal_de_13_cm_aveludado_88516854_8_531f35d9d49a818e8ffc0fea4d4d5d6c-1200x1200.webp 1200w, https:\/\/islasexshop.com.br\/wp-content\/uploads\/2024\/02\/vibrador_classico_personal_de_13_cm_aveludado_88516854_8_531f35d9d49a818e8ffc0fea4d4d5d6c-1320x1320.webp 1320w, https:\/\/islasexshop.com.br\/wp-content\/uploads\/2024\/02\/vibrador_classico_personal_de_13_cm_aveludado_88516854_8_531f35d9d49a818e8ffc0fea4d4d5d6c-300x300.webp 300w, https:\/\/islasexshop.com.br\/wp-content\/uploads\/2024\/02\/vibrador_classico_personal_de_13_cm_aveludado_88516854_8_531f35d9d49a818e8ffc0fea4d4d5d6c-500x500.webp 500w, https:\/\/islasexshop.com.br\/wp-content\/uploads\/2024\/02\/vibrador_classico_personal_de_13_cm_aveludado_88516854_8_531f35d9d49a818e8ffc0fea4d4d5d6c-768x768.webp 768w, https:\/\/islasexshop.com.br\/wp-content\/uploads\/2024\/02\/vibrador_classico_personal_de_13_cm_aveludado_88516854_8_531f35d9d49a818e8ffc0fea4d4d5d6c-150x150.webp 150w, https:\/\/islasexshop.com.br\/wp-content\/uploads\/2024\/02\/vibrador_classico_personal_de_13_cm_aveludado_88516854_8_531f35d9d49a818e8ffc0fea4d4d5d6c-75x75.webp 75w, https:\/\/islasexshop.com.br\/wp-content\/uploads\/2024\/02\/vibrador_classico_personal_de_13_cm_aveludado_88516854_8_531f35d9d49a818e8ffc0fea4d4d5d6c-480x480.webp 480w, https:\/\/islasexshop.com.br\/wp-content\/uploads\/2024\/02\/vibrador_classico_personal_de_13_cm_aveludado_88516854_8_531f35d9d49a818e8ffc0fea4d4d5d6c-800x800.webp 800w, https:\/\/islasexshop.com.br\/wp-content\/uploads\/2024\/02\/vibrador_classico_personal_de_13_cm_aveludado_88516854_8_531f35d9d49a818e8ffc0fea4d4d5d6c.webp 1500w\" sizes=\"(max-width:767px) 480px, (max-width:1200px) 100vw, 1200px\" \/>\t\t\t\t\t\t\t\t\t\t\t\t\t\t\t<\/div>\n\t\t\t\t<\/div>\n\t\t\t\t\t<\/div>\n\t\t<\/div>\n\t\t\t\t\t<\/div>\n\t\t<\/section>\n\t\t\t\t<section class=\"elementor-section elementor-inner-section elementor-element elementor-element-2f52631 elementor-section-boxed elementor-section-height-default elementor-section-height-default\" data-id=\"2f52631\" data-element_type=\"section\">\n\t\t\t\t\t\t<div class=\"elementor-container elementor-column-gap-no\">\n\t\t\t\t\t<div class=\"elementor-column elementor-col-50 elementor-inner-column elementor-element elementor-element-5917191\" data-id=\"5917191\" data-element_type=\"column\">\n\t\t\t<div class=\"elementor-widget-wrap elementor-element-populated\">\n\t\t\t\t\t\t<div class=\"elementor-element elementor-element-af155b1 elementor-widget elementor-widget-image\" data-id=\"af155b1\" data-element_type=\"widget\" data-widget_type=\"image.default\">\n\t\t\t\t<div class=\"elementor-widget-container\">\n\t\t\t\t\t\t\t\t\t\t\t\t\t\t\t<img decoding=\"async\" width=\"1200\" height=\"1200\" src=\"https:\/\/islasexshop.com.br\/wp-content\/uploads\/2024\/02\/vibrador_classico_personal_de_13_cm_aveludado_88516854_7_06cdfad6f7d1bd68ac5bf13d239690b9-1200x1200.webp\" class=\"attachment-large size-large wp-image-1098\" alt=\"\" srcset=\"https:\/\/islasexshop.com.br\/wp-content\/uploads\/2024\/02\/vibrador_classico_personal_de_13_cm_aveludado_88516854_7_06cdfad6f7d1bd68ac5bf13d239690b9-1200x1200.webp 1200w, https:\/\/islasexshop.com.br\/wp-content\/uploads\/2024\/02\/vibrador_classico_personal_de_13_cm_aveludado_88516854_7_06cdfad6f7d1bd68ac5bf13d239690b9-1320x1320.webp 1320w, https:\/\/islasexshop.com.br\/wp-content\/uploads\/2024\/02\/vibrador_classico_personal_de_13_cm_aveludado_88516854_7_06cdfad6f7d1bd68ac5bf13d239690b9-300x300.webp 300w, https:\/\/islasexshop.com.br\/wp-content\/uploads\/2024\/02\/vibrador_classico_personal_de_13_cm_aveludado_88516854_7_06cdfad6f7d1bd68ac5bf13d239690b9-500x500.webp 500w, https:\/\/islasexshop.com.br\/wp-content\/uploads\/2024\/02\/vibrador_classico_personal_de_13_cm_aveludado_88516854_7_06cdfad6f7d1bd68ac5bf13d239690b9-768x768.webp 768w, https:\/\/islasexshop.com.br\/wp-content\/uploads\/2024\/02\/vibrador_classico_personal_de_13_cm_aveludado_88516854_7_06cdfad6f7d1bd68ac5bf13d239690b9-150x150.webp 150w, https:\/\/islasexshop.com.br\/wp-content\/uploads\/2024\/02\/vibrador_classico_personal_de_13_cm_aveludado_88516854_7_06cdfad6f7d1bd68ac5bf13d239690b9-75x75.webp 75w, https:\/\/islasexshop.com.br\/wp-content\/uploads\/2024\/02\/vibrador_classico_personal_de_13_cm_aveludado_88516854_7_06cdfad6f7d1bd68ac5bf13d239690b9-480x480.webp 480w, https:\/\/islasexshop.com.br\/wp-content\/uploads\/2024\/02\/vibrador_classico_personal_de_13_cm_aveludado_88516854_7_06cdfad6f7d1bd68ac5bf13d239690b9-800x800.webp 800w, https:\/\/islasexshop.com.br\/wp-content\/uploads\/2024\/02\/vibrador_classico_personal_de_13_cm_aveludado_88516854_7_06cdfad6f7d1bd68ac5bf13d239690b9.webp 1500w\" sizes=\"(max-width:767px) 480px, (max-width:1200px) 100vw, 1200px\" \/>\t\t\t\t\t\t\t\t\t\t\t\t\t\t\t<\/div>\n\t\t\t\t<\/div>\n\t\t\t\t\t<\/div>\n\t\t<\/div>\n\t\t\t\t<div class=\"elementor-column elementor-col-50 elementor-inner-column elementor-element elementor-element-ccb6eb5\" data-id=\"ccb6eb5\" data-element_type=\"column\" data-settings=\"{&quot;background_background&quot;:&quot;classic&quot;}\">\n\t\t\t<div class=\"elementor-widget-wrap elementor-element-populated\">\n\t\t\t\t\t\t<div class=\"elementor-element elementor-element-aca8c47 elementor-widget elementor-widget-heading\" data-id=\"aca8c47\" data-element_type=\"widget\" data-widget_type=\"heading.default\">\n\t\t\t\t<div class=\"elementor-widget-container\">\n\t\t\t\t\t<h4 class=\"elementor-heading-title elementor-size-default\">Personal de 13 cm<\/h4>\t\t\t\t<\/div>\n\t\t\t\t<\/div>\n\t\t\t\t<div class=\"elementor-element elementor-element-9a2a614 elementor-widget elementor-widget-text-editor\" data-id=\"9a2a614\" data-element_type=\"widget\" data-widget_type=\"text-editor.default\">\n\t\t\t\t<div class=\"elementor-widget-container\">\n\t\t\t\t\t\t\t\t\t<p><strong>Material<\/strong><br \/>ABS.<\/p><p><strong>Tipo de bateria<\/strong><br \/>Utiliza 1 pilhas AA (n\u00e3o inclusas).<\/p><p><strong>Medidas<\/strong><br \/>13 cm de comprimento, 10 cm penetr\u00e1veis e 2 cm de espessura (medidas aproximadas).<\/p><p><strong>Higieniza\u00e7\u00e3o<\/strong><br \/>Lavar com \u00e1gua e sab\u00e3o neutro antes e ap\u00f3s o uso, evite molhar o compartimento das pilhas.<br \/>depois seque com papel toalha ou deixe secar naturalmente.<br \/>Ap\u00f3s higieniza-lo, coloque novamente em sua embalagem de origem!<\/p><p><strong>Recomenda\u00e7\u00f5es: Recomenda-se o uso de lubrificante.<\/strong><\/p>\t\t\t\t\t\t\t\t<\/div>\n\t\t\t\t<\/div>\n\t\t\t\t\t<\/div>\n\t\t<\/div>\n\t\t\t\t\t<\/div>\n\t\t<\/section>\n\t\t\t\t\t<\/div>\n\t\t<\/div>\n\t\t\t\t\t<\/div>\n\t\t<\/section>\n\t\t\t\t<\/div>\n\t\t","protected":false},"excerpt":{"rendered":"<p><strong>Vibrador Cl\u00e1ssico Personal de 13 cm &#8211; Aveludado<\/strong><br \/>\nVibrador Personal \u00e9 o acess\u00f3rio er\u00f3tico ideal para quem procura um Vibrador potente e silencioso.<\/p>\n","protected":false},"featured_media":1099,"comment_status":"open","ping_status":"closed","template":"","meta":[],"product_cat":[27],"product_tag":[129,127,133,130,131,128,132,126],"yoast_head":"<!-- This site is optimized with the Yoast SEO plugin v24.5 - https:\/\/yoast.com\/wordpress\/plugins\/seo\/ -->\n<title>Vibrador Cl\u00e1ssico Personal de 13 cm - Aveludado - Isla Sex Shop<\/title>\n<meta name=\"robots\" content=\"index, follow, max-snippet:-1, max-image-preview:large, max-video-preview:-1\" \/>\n<link rel=\"canonical\" href=\"https:\/\/islasexshop.com.br\/index.php\/produto\/vibrador-classico-personal-de-13-cm-aveludado\/\" \/>\n<meta property=\"og:locale\" content=\"pt_BR\" \/>\n<meta property=\"og:type\" content=\"article\" \/>\n<meta property=\"og:title\" content=\"Vibrador Cl\u00e1ssico Personal de 13 cm - Aveludado - Isla Sex Shop\" \/>\n<meta property=\"og:description\" content=\"Vibrador Cl\u00e1ssico Personal de 13 cm - Aveludado Vibrador Personal \u00e9 o acess\u00f3rio er\u00f3tico ideal para quem procura um Vibrador potente e silencioso.\" \/>\n<meta property=\"og:url\" content=\"https:\/\/islasexshop.com.br\/index.php\/produto\/vibrador-classico-personal-de-13-cm-aveludado\/\" \/>\n<meta property=\"og:site_name\" content=\"Isla Sex Shop\" \/>\n<meta property=\"article:publisher\" content=\"https:\/\/www.facebook.com\/boutiqueisla\" \/>\n<meta property=\"article:modified_time\" content=\"2024-05-11T00:45:25+00:00\" \/>\n<meta property=\"og:image\" content=\"https:\/\/islasexshop.com.br\/wp-content\/uploads\/2024\/02\/vibrador_classico_personal_de_13_cm_aveludado_88516854_1_e16b8d6bea380ad7e1bf45abbc8c0f24.webp\" \/>\n\t<meta property=\"og:image:width\" content=\"1500\" \/>\n\t<meta property=\"og:image:height\" content=\"1500\" \/>\n\t<meta property=\"og:image:type\" content=\"image\/webp\" \/>\n<meta name=\"twitter:card\" content=\"summary_large_image\" \/>\n<meta name=\"twitter:label1\" content=\"Est. tempo de leitura\" \/>\n\t<meta name=\"twitter:data1\" content=\"1 minuto\" \/>\n<script type=\"application\/ld+json\" class=\"yoast-schema-graph\">{\"@context\":\"https:\/\/schema.org\",\"@graph\":[{\"@type\":\"WebPage\",\"@id\":\"https:\/\/islasexshop.com.br\/index.php\/produto\/vibrador-classico-personal-de-13-cm-aveludado\/\",\"url\":\"https:\/\/islasexshop.com.br\/index.php\/produto\/vibrador-classico-personal-de-13-cm-aveludado\/\",\"name\":\"Vibrador Cl\u00e1ssico Personal de 13 cm - Aveludado - Isla Sex Shop\",\"isPartOf\":{\"@id\":\"https:\/\/islasexshop.com.br\/#website\"},\"primaryImageOfPage\":{\"@id\":\"https:\/\/islasexshop.com.br\/index.php\/produto\/vibrador-classico-personal-de-13-cm-aveludado\/#primaryimage\"},\"image\":{\"@id\":\"https:\/\/islasexshop.com.br\/index.php\/produto\/vibrador-classico-personal-de-13-cm-aveludado\/#primaryimage\"},\"thumbnailUrl\":\"https:\/\/islasexshop.com.br\/wp-content\/uploads\/2024\/02\/vibrador_classico_personal_de_13_cm_aveludado_88516854_1_e16b8d6bea380ad7e1bf45abbc8c0f24.webp\",\"datePublished\":\"2024-02-22T17:36:27+00:00\",\"dateModified\":\"2024-05-11T00:45:25+00:00\",\"breadcrumb\":{\"@id\":\"https:\/\/islasexshop.com.br\/index.php\/produto\/vibrador-classico-personal-de-13-cm-aveludado\/#breadcrumb\"},\"inLanguage\":\"pt-BR\",\"potentialAction\":[{\"@type\":\"ReadAction\",\"target\":[\"https:\/\/islasexshop.com.br\/index.php\/produto\/vibrador-classico-personal-de-13-cm-aveludado\/\"]}]},{\"@type\":\"ImageObject\",\"inLanguage\":\"pt-BR\",\"@id\":\"https:\/\/islasexshop.com.br\/index.php\/produto\/vibrador-classico-personal-de-13-cm-aveludado\/#primaryimage\",\"url\":\"https:\/\/islasexshop.com.br\/wp-content\/uploads\/2024\/02\/vibrador_classico_personal_de_13_cm_aveludado_88516854_1_e16b8d6bea380ad7e1bf45abbc8c0f24.webp\",\"contentUrl\":\"https:\/\/islasexshop.com.br\/wp-content\/uploads\/2024\/02\/vibrador_classico_personal_de_13_cm_aveludado_88516854_1_e16b8d6bea380ad7e1bf45abbc8c0f24.webp\",\"width\":1500,\"height\":1500},{\"@type\":\"BreadcrumbList\",\"@id\":\"https:\/\/islasexshop.com.br\/index.php\/produto\/vibrador-classico-personal-de-13-cm-aveludado\/#breadcrumb\",\"itemListElement\":[{\"@type\":\"ListItem\",\"position\":1,\"name\":\"In\u00edcio\",\"item\":\"https:\/\/islasexshop.com.br\/\"},{\"@type\":\"ListItem\",\"position\":2,\"name\":\"Produtos\",\"item\":\"https:\/\/islasexshop.com.br\/index.php\/produtos\/\"},{\"@type\":\"ListItem\",\"position\":3,\"name\":\"Vibrador Cl\u00e1ssico Personal de 13 cm &#8211; Aveludado\"}]},{\"@type\":\"WebSite\",\"@id\":\"https:\/\/islasexshop.com.br\/#website\",\"url\":\"https:\/\/islasexshop.com.br\/\",\"name\":\"Isla Sex Shop\",\"description\":\"Sex Shop Butant\u00e3, Sex Shop Morumbi, Sex Shop Regi\u00e3o\",\"publisher\":{\"@id\":\"https:\/\/islasexshop.com.br\/#organization\"},\"potentialAction\":[{\"@type\":\"SearchAction\",\"target\":{\"@type\":\"EntryPoint\",\"urlTemplate\":\"https:\/\/islasexshop.com.br\/?s={search_term_string}\"},\"query-input\":{\"@type\":\"PropertyValueSpecification\",\"valueRequired\":true,\"valueName\":\"search_term_string\"}}],\"inLanguage\":\"pt-BR\"},{\"@type\":\"Organization\",\"@id\":\"https:\/\/islasexshop.com.br\/#organization\",\"name\":\"Isla Sex Shop\",\"url\":\"https:\/\/islasexshop.com.br\/\",\"logo\":{\"@type\":\"ImageObject\",\"inLanguage\":\"pt-BR\",\"@id\":\"https:\/\/islasexshop.com.br\/#\/schema\/logo\/image\/\",\"url\":\"https:\/\/islasexshop.com.br\/wp-content\/uploads\/2024\/02\/0e4d7c76d6c6e7c24d33fd3338fd3dbf.jpg\",\"contentUrl\":\"https:\/\/islasexshop.com.br\/wp-content\/uploads\/2024\/02\/0e4d7c76d6c6e7c24d33fd3338fd3dbf.jpg\",\"width\":400,\"height\":200,\"caption\":\"Isla Sex Shop\"},\"image\":{\"@id\":\"https:\/\/islasexshop.com.br\/#\/schema\/logo\/image\/\"},\"sameAs\":[\"https:\/\/www.facebook.com\/boutiqueisla\",\"https:\/\/www.instagram.com\/islasensualmorumbi\/\"]}]}<\/script>\n<!-- \/ Yoast SEO plugin. -->","yoast_head_json":{"title":"Vibrador Cl\u00e1ssico Personal de 13 cm - Aveludado - Isla Sex Shop","robots":{"index":"index","follow":"follow","max-snippet":"max-snippet:-1","max-image-preview":"max-image-preview:large","max-video-preview":"max-video-preview:-1"},"canonical":"https:\/\/islasexshop.com.br\/index.php\/produto\/vibrador-classico-personal-de-13-cm-aveludado\/","og_locale":"pt_BR","og_type":"article","og_title":"Vibrador Cl\u00e1ssico Personal de 13 cm - Aveludado - Isla Sex Shop","og_description":"Vibrador Cl\u00e1ssico Personal de 13 cm - Aveludado Vibrador Personal \u00e9 o acess\u00f3rio er\u00f3tico ideal para quem procura um Vibrador potente e silencioso.","og_url":"https:\/\/islasexshop.com.br\/index.php\/produto\/vibrador-classico-personal-de-13-cm-aveludado\/","og_site_name":"Isla Sex Shop","article_publisher":"https:\/\/www.facebook.com\/boutiqueisla","article_modified_time":"2024-05-11T00:45:25+00:00","og_image":[{"width":1500,"height":1500,"url":"https:\/\/islasexshop.com.br\/wp-content\/uploads\/2024\/02\/vibrador_classico_personal_de_13_cm_aveludado_88516854_1_e16b8d6bea380ad7e1bf45abbc8c0f24.webp","type":"image\/webp"}],"twitter_card":"summary_large_image","twitter_misc":{"Est. tempo de leitura":"1 minuto"},"schema":{"@context":"https:\/\/schema.org","@graph":[{"@type":"WebPage","@id":"https:\/\/islasexshop.com.br\/index.php\/produto\/vibrador-classico-personal-de-13-cm-aveludado\/","url":"https:\/\/islasexshop.com.br\/index.php\/produto\/vibrador-classico-personal-de-13-cm-aveludado\/","name":"Vibrador Cl\u00e1ssico Personal de 13 cm - Aveludado - Isla Sex Shop","isPartOf":{"@id":"https:\/\/islasexshop.com.br\/#website"},"primaryImageOfPage":{"@id":"https:\/\/islasexshop.com.br\/index.php\/produto\/vibrador-classico-personal-de-13-cm-aveludado\/#primaryimage"},"image":{"@id":"https:\/\/islasexshop.com.br\/index.php\/produto\/vibrador-classico-personal-de-13-cm-aveludado\/#primaryimage"},"thumbnailUrl":"https:\/\/islasexshop.com.br\/wp-content\/uploads\/2024\/02\/vibrador_classico_personal_de_13_cm_aveludado_88516854_1_e16b8d6bea380ad7e1bf45abbc8c0f24.webp","datePublished":"2024-02-22T17:36:27+00:00","dateModified":"2024-05-11T00:45:25+00:00","breadcrumb":{"@id":"https:\/\/islasexshop.com.br\/index.php\/produto\/vibrador-classico-personal-de-13-cm-aveludado\/#breadcrumb"},"inLanguage":"pt-BR","potentialAction":[{"@type":"ReadAction","target":["https:\/\/islasexshop.com.br\/index.php\/produto\/vibrador-classico-personal-de-13-cm-aveludado\/"]}]},{"@type":"ImageObject","inLanguage":"pt-BR","@id":"https:\/\/islasexshop.com.br\/index.php\/produto\/vibrador-classico-personal-de-13-cm-aveludado\/#primaryimage","url":"https:\/\/islasexshop.com.br\/wp-content\/uploads\/2024\/02\/vibrador_classico_personal_de_13_cm_aveludado_88516854_1_e16b8d6bea380ad7e1bf45abbc8c0f24.webp","contentUrl":"https:\/\/islasexshop.com.br\/wp-content\/uploads\/2024\/02\/vibrador_classico_personal_de_13_cm_aveludado_88516854_1_e16b8d6bea380ad7e1bf45abbc8c0f24.webp","width":1500,"height":1500},{"@type":"BreadcrumbList","@id":"https:\/\/islasexshop.com.br\/index.php\/produto\/vibrador-classico-personal-de-13-cm-aveludado\/#breadcrumb","itemListElement":[{"@type":"ListItem","position":1,"name":"In\u00edcio","item":"https:\/\/islasexshop.com.br\/"},{"@type":"ListItem","position":2,"name":"Produtos","item":"https:\/\/islasexshop.com.br\/index.php\/produtos\/"},{"@type":"ListItem","position":3,"name":"Vibrador Cl\u00e1ssico Personal de 13 cm &#8211; Aveludado"}]},{"@type":"WebSite","@id":"https:\/\/islasexshop.com.br\/#website","url":"https:\/\/islasexshop.com.br\/","name":"Isla Sex Shop","description":"Sex Shop Butant\u00e3, Sex Shop Morumbi, Sex Shop Regi\u00e3o","publisher":{"@id":"https:\/\/islasexshop.com.br\/#organization"},"potentialAction":[{"@type":"SearchAction","target":{"@type":"EntryPoint","urlTemplate":"https:\/\/islasexshop.com.br\/?s={search_term_string}"},"query-input":{"@type":"PropertyValueSpecification","valueRequired":true,"valueName":"search_term_string"}}],"inLanguage":"pt-BR"},{"@type":"Organization","@id":"https:\/\/islasexshop.com.br\/#organization","name":"Isla Sex Shop","url":"https:\/\/islasexshop.com.br\/","logo":{"@type":"ImageObject","inLanguage":"pt-BR","@id":"https:\/\/islasexshop.com.br\/#\/schema\/logo\/image\/","url":"https:\/\/islasexshop.com.br\/wp-content\/uploads\/2024\/02\/0e4d7c76d6c6e7c24d33fd3338fd3dbf.jpg","contentUrl":"https:\/\/islasexshop.com.br\/wp-content\/uploads\/2024\/02\/0e4d7c76d6c6e7c24d33fd3338fd3dbf.jpg","width":400,"height":200,"caption":"Isla Sex Shop"},"image":{"@id":"https:\/\/islasexshop.com.br\/#\/schema\/logo\/image\/"},"sameAs":["https:\/\/www.facebook.com\/boutiqueisla","https:\/\/www.instagram.com\/islasensualmorumbi\/"]}]}},"_links":{"self":[{"href":"https:\/\/islasexshop.com.br\/index.php\/wp-json\/wp\/v2\/product\/1096"}],"collection":[{"href":"https:\/\/islasexshop.com.br\/index.php\/wp-json\/wp\/v2\/product"}],"about":[{"href":"https:\/\/islasexshop.com.br\/index.php\/wp-json\/wp\/v2\/types\/product"}],"replies":[{"embeddable":true,"href":"https:\/\/islasexshop.com.br\/index.php\/wp-json\/wp\/v2\/comments?post=1096"}],"version-history":[{"count":4,"href":"https:\/\/islasexshop.com.br\/index.php\/wp-json\/wp\/v2\/product\/1096\/revisions"}],"predecessor-version":[{"id":1103,"href":"https:\/\/islasexshop.com.br\/index.php\/wp-json\/wp\/v2\/product\/1096\/revisions\/1103"}],"wp:featuredmedia":[{"embeddable":true,"href":"https:\/\/islasexshop.com.br\/index.php\/wp-json\/wp\/v2\/media\/1099"}],"wp:attachment":[{"href":"https:\/\/islasexshop.com.br\/index.php\/wp-json\/wp\/v2\/media?parent=1096"}],"wp:term":[{"taxonomy":"product_cat","embeddable":true,"href":"https:\/\/islasexshop.com.br\/index.php\/wp-json\/wp\/v2\/product_cat?post=1096"},{"taxonomy":"product_tag","embeddable":true,"href":"https:\/\/islasexshop.com.br\/index.php\/wp-json\/wp\/v2\/product_tag?post=1096"}],"curies":[{"name":"wp","href":"https:\/\/api.w.org\/{rel}","templated":true}]}}